6. Calculate x(23).
-29
Let l(h) = -2*h - 22. Determine l(-8).
-6
Let c(g) = -11*g + 166. Determine c(15).
1
Let u(l) = 10*l**2 + 12*l + 18. Give u(-4).
130
Let i(p) = -12*p + 133. What is i(11)?
1
Let v(z) = -z**2 + 16*z + 24. Determine v(17).
7
Let x(w) = w**2 + 14*w + 37. Give x(-3).
4
Let r(d) = -5*d + 1. Determine r(1).
-4
Let z(x) = -x**2 + x + 6. Determine z(-5).
-24
Let k(q) = -5*q**2 - 25*q - 4. Give k(-4).
16
Let m(o) = -o**2 - 30*o + 70. Determine m(-32).
6
Let p(r) = -3*r**3 + 19*r**2 - 17*r - 9. Determine p(5).
6
Let c(u) = -u**3 - 4*u**2 - 5*u - 11. Calculate c(-4).
9
Let q(z) = -z**2 - 26*z - 88. Determine q(-22).
0
Let f(q) = 5*q - 164. What is f(30)?
-14
Let h(m) = -16*m + 6. Calculate h(-7).
118
Let x(f) = f**3 - 4*f + 4. Determine x(4).
52
Let q(z) = -5*z**3 - 49*z**2 + 12*z + 42. What is q(-10)?
22
Let u(m) = 9*m + 85. What is u(-19)?
-86
Let m(q) = q**3 - 7*q**2 + q - 5. Give m(7).
2
Let r(u) = u**3 + u**2 + 2. Give r(-2).
-2
Let y(l) = l**3 - 17*l**2 - l + 2. Determine y(17).
-15
Let h(u) = -4*u**3 - u**2 + 1. Calculate h(1).
-4
Let f(r) = 6*r**2 + 3*r + 2. What is f(-4)?
86
Let h(z) = 3*z**3 + 4*z**2 + 15*z + 33. Calculate h(-2).
-5
Let u(b) = -b**3 - 14*b**2 - b - 3. Give u(-14).
11
Let n(o) = 2*o**3 - 14*o**2 - 18*o + 11. Determine n(8).
-5
Let l(h) = -h + 6. Calculate l(14).
-8
Let i(o) = o**2 - 10*o - 9. Give i(11).
2
Let s(n) = 5*n + 50. Calculate s(-9).
5
Let u(i) = i**3 - 56*i**2 - 56*i - 61. What is u(57)?
-4
Let h(n) = -4*n - 14. Give h(-1).
-10
Let a(c) = -17*c**2 - c - 22. Give a(0).
-22
Let y(q) = 2*q + 4. Determine y(0).
4
Let z(d) = -d - 12. Calculate z(9).
-21
Let i(a) = -a**2 + 6*a + 36. Determine i(9).
9
Let q(w) = -16*w + 36. Determine q(4).
-28
Let t(l) = -l**2 + 24*l - 26. Give t(23).
-3
Let n(m) = -m**3 - 8*m**2 - 5*m + 6. Calculate n(-5).
-44
Let o(x) = 2*x - 23. What is o(-5)?
-33
Let c(j) = -2*j**3 - 4*j**2 - 2*j + 1. What is c(-1)?
1
Let i(r) = 2*r**2 + 8*r + 16. What is i(-6)?
40
Let c(t) = -t**2 - 6*t + 11. Determine c(-9).
-16
Let l(z) = -13*z**2 + 4*z - 3. Give l(2).
-47
Let g(k) = -7*k + 292. Calculate g(41).
5
Let s(d) = 2*d**2 + 9*d + 26. Calculate s(-3).
17
Let k(h) = -h**2 + 8*h - 3. What is k(9)?
-12
Let a(b) = -4*b**2 - 5*b - 3. What is a(-3)?
-24
Let g(n) = -n**3 - 5*n**2 + 22. Give g(-4).
6
Let h(o) = 4*o - 87. Give h(26).
17
Let i(x) = x**3 - 18*x**2 - 21*x + 36. What is i(19)?
-2
Let k(f) = 8*f + 145. What is k(-18)?
1
Let m(l) = -l**2 + 20. Calculate m(-4).
4
Let o(a) = a**3 - 12*a**2 - 14*a + 15. What is o(13)?
2
Let r(x) = 3*x - 4. What is r(3)?
5
Let n(v) = -52*v + 2. Calculate n(1).
-50
Let l(z) = z**3 - 16*z**2 - 18*z + 41. Give l(17).
24
Let p(q) = 22*q**2 - q - 1. Give p(-1).
22
Let s(q) = q**2 + 5*q - 23. Calculate s(-8).
1
Let g(n) = -n**3 - 2*n**2 + n + 98. Give g(0).
98
Let o(w) = 44*w - 36. Determine o(1).
8
Let g(b) = -3*b + 9. Give g(11).
-24
Let j(s) = -2*s - 13. Determine j(-8).
3
Let y(t) = 2*t**2 + 15*t - 5. Determine y(-7).
-12
Let d(x) = x**3 + 6*x**2 - 14*x. What is d(-8)?
-16
Let k(a) = -a**3 + 25*a**2 - 3*a + 62. Give k(25).
-13
Let f(v) = v**2 - 4*v + 5. What is f(2)?
1
Let f(c) = 5*c**2 - 4*c - 2. Calculate f(-4).
94
Let i(l) = -l**2 - 9*l - 19. Determine i(-11).
-41
Let l(p) = 6*p + 53. Calculate l(0).
53
Let v(r) = r**2 + 26*r - 377. Determine v(-36).
-17
Let s(d) = 2*d**2 - 2*d - 5. Determine s(4).
19
Let b(o) = -o**2 - 37*o - 26. What is b(-35)?
44
Let h(l) = -l**2 + 2*l - 5. What is h(4)?
-13
Let k(q) = q**3 + 28*q**2 + 77*q + 57. Determine k(-25).
7
Let v(b) = -4*b**3 - 2*b**2 - b - 4. Give v(-2).
22
Let i(s) = -3*s - 1. Calculate i(8).
-25
Let x(t) = -t**3 - 9*t**2 + 8*t - 7. What is x(-10)?
13
Let o(v) = -3*v - 18. What is o(-7)?
3
Let r(j) = 10*j**2 + 54*j + 28. What is r(-5)?
8
Let g(o) = 2*o + 71. Determine g(-35).
1
Let n(c) = -c**2 - 5*c + 8. Calculate n(3).
-16
Let n(i) = 2*i**2 + 70*i + 61. Give n(-34).
-7
Let i(b) = -4*b - 9. Determine i(7).
-37
Let y(j) = -6*j**2 - j + 2. Determine y(1).
-5
Let y(u) = 7*u**2 - 2*u. Determine y(-2).
32
Let c(q) = q**2 - 9*q + 20. Give c(6).
2
Let b(k) = -k**2 + 12*k + 29. Give b(0).
29
Let j(x) = -x**2 - 7*x - 5. Give j(-5).
5
Let c(q) = q**3 + 8*q**2 + 15*q + 6. What is c(-3)?
6
Let v(m) = 8*m + 8. Give v(0).
8
Let h(r) = -r**3 + 23*r**2 - 24*r + 18. What is h(22)?
-26
Let t(j) = -j**3 - 21*j**2 - 20*j + 12. Give t(-20).
12
Let b(o) = o - 1. Calculate b(-9).
-10
Let f(q) = -5*q**3 - q**2 + 1. Give f(1).
-5
Let a(z) = -19*z + 5. Determine a(6).
-109
Let g(d) = -d**3 - 5*d**2 - 4*d. Calculate g(-4).
0
Let j(z) = -4*z**2 - z + 1. What is j(1)?
-4
Let k(o) = 2*o + 20. Calculate k(-15).
-10
Let p(x) = 17*x. Calculate p(-3).
-51
Let v(u) = 4*u**2 + 3*u - 2. Calculate v(-4).
50
Let b(k) = -41*k - 1064. What is b(-26)?
2
Let j(w) = -3*w + 24. What is j(7)?
3
Let u(j) = 4*j - 15. Calculate u(7).
13
Let l(d) = d - 3. Calculate l(-3).
-6
Let s(l) = -l**3 - 4*l**2 + 5*l - 5. Give s(-5).
-5
Let w(o) = 5*o**2 + 147*o - 88. Calculate w(-30).
2
Let v(a) = -2*a**3 + 10*a**2 + 6*a - 3. Determine v(5).
27
Let r(q) = q**3 - 2*q**2 + 2. Give r(0).
2
Let u(b) = -b - 11. Give u(-10).
-1
Let t(j) = j + 14. Determine t(5).
19
Let w(x) = -x**3 - 13*x**2 - 30*x - 26. What is w(-9)?
-80
Let n(f) = -6*f**2 - f. What is n(-1)?
-5
Let o(c) = c**2 + 27*c + 43. Give o(-25).
-7
Let d(z) = -5*z + 7. What is d(9)?
-38
Let u(o) = o + 9. Determine u(-13).
-4
Let h(l) = -l**2 + 4*l + 41. Calculate h(8).
9
Let b(j) = j**3 - 13*j**2 + 13*j - 15. Give b(12).
-3
Let b(f) = 2*f**2 + f + 10. Determine b(-10).
200
Let w(o) = -o**2 - 7*o + 3. What is w(-6)?
9
Let v(w) = w**3 - 37*w**2 - 46*w + 294. Determine v(38).
-10
Let f(m) = -m**2 - 8*m + 6. What is f(-9)?
-3
Let u(l) = 4*l + 30. What is u(-11)?
-14
Let q(s) = -3*s - 6. Calculate q(-6).
12
Let a(l) = 9*l**2 + 5*l - 1. What is a(1)?
13
Let l(a) = -a**3 + 7*a**2 + a + 6. What is l(6)?
48
Let m(f) = -2*f**2 + f - 2. Calculate m(4).
-30
Let t(w) = w**2 + 16*w - 16. Calculate t(-17).
1
Let z(f) = f**3 + 3*f**2 - 3*f - 4. Give z(-4).
-8
Let k(f) = -2*f - 20. Give k(0).
-20
Let l(a) = 7*a + 73. Give l(-10).
3
Let a(z) = -z**3 - 5*z**2 + 2*z + 6. Give a(-4).
-18
Let p(k) = 26*k**2 + k - 2. Calculate p(1).
25
Let x(k) = -2*k**3 + 48*k**2 - 47*k + 24. What is x(23)?
1
Let x(t) = -11*t**2 + 2*t + 7. Give x(-2).
-41
Let i(s) = s + 24. Determine i(-14).
10
Let z(p) = 9*p**2. Calculate z(2).
36
Let p(l) = l**3 + 13*l**2 - 5*l - 66. Calculate p(-13).
-1
Let s(z) = -2*z - 19. Calculate s(-13).
7
Let d(g) = -g**2 - 25*g + 14. What is d(-25)?
14
Let w(k) = -5*k**2 - 9*k - 7. Determine w(-3).
-25
Let d(w) = -w**2 + 6*w - 6. Calculate d(7).
-13
Let o(v) = 21*v - 2. Give o(-2).
-44
Let t(q) = 8*q - 6. What is t(3)?
18
Let p(h) = -h**2 - 29*h - 172. Give p(-21).
-4
Let c(z) = -z**2 - 18*z - 42. Calculate c(-10).
38
Let p(r) = 2*r - 11. Calculate p(6).
1
Let g(y) = 3*y + 2. Calculate g(1).
5
Let r(y) = y**3 - 7*y**2 + 4*y - 1. Give r(5).
-31
Let s(p) = p + 1. Determine s(-3).
-2
Let k(j) = -j - 19. Give k(-13).
-6
Let o(t) = 73*t**2 + 1. Calculate o(1).
74
Let i(u) = -2*u**2 + 19*u + 13. Determine i(10).
3
Let q(t) = -t**2 - 4*t - 7. Give q(-8).
-39
Let w(b) = b**3 - 5*b**2 + 5*b - 4. What is w(4)?
0
Let g(m) = 6*m - 167. Give g(28).
1
Let c(d) = d - 11. What is c(10)?
-1
Let y(s) = s**3 + 5*s**2 - 4*s - 6. Calculate y(-6).
-18
Let s(c) = -11*c - 11. Determine s(6).
-77
Let r(a) = a - 3. Determine r(3).
0
Let d(y) = -2*y**2 - 31*y - 19. Calculate d(-14).
23
Let b(g) = -8*g + 419. Determine b(51).
11
Let t(c) = 46*c**3 + 6*c**2 + 3*c - 2. Calculate t(-1).
-45
Let u(p) = -p**3 - 7*p**2 - 15*p. Calculate u(-5).
25
Let q(f) = -3*f**2 + 4*f. Calculate q(3).
-15
Let s(b) = -3*b - 65. What is s(-21)?
-2
Let h(o) = -o**3 - 17*o**2 + 11. Calculate h(-17).
11
Let z(y) = -y**3 + 13*y**2 + y - 13. What is z(13)?
0
Let y(z) = z**2 - z - 1. Determine y(3).
5
Let g(c) = -c**3 + 6*c**2 + 4*c + 9. Determine g(7).
-12
Let w(d) = -3*d - 24. Determine w(-8).
0
Let s(u) = -u**2 - 33*u - 31. Calculate s(-32).
1
Let x(a) = -a**2 - 5*a + 44. Calculate x(5).
-6
Let y(x) = x**2 + 7*x - 33. Give y(-10).
-3
Let x(i) = -6*i**2 - 12*i - 6. What is x(-2)?
-6
Let x(c) = c**2 - 14*c + 19. Determine x(12).
-5
Let a(t) = -2*t**2 - 8*t - 10. Determin